{"id":101,"date":"2021-01-08T20:27:13","date_gmt":"2021-01-08T20:27:13","guid":{"rendered":"https:\/\/rheinklaenge-gey.de\/index-new.php\/?page_id=101"},"modified":"2021-08-23T17:38:00","modified_gmt":"2021-08-23T15:38:00","slug":"ausbildung","status":"publish","type":"page","link":"https:\/\/rheinklaenge-gey.de\/index-new.php\/?page_id=101","title":{"rendered":"Ausbildung"},"content":{"rendered":"<p align=\"justify\"><b>Allgemeines<\/b><\/p>\n<p align=\"justify\">Erwachsene, Kinder und Jugendliche, werden durch die Aufnahme einer musikalischen Ausbildung Mitglied im MV.<br \/>\nW\u00e4hrend der Teilnahme an Veranstaltungen des MV (Proben, \u00f6ffentliche Auftritte) besteht Versicherungsschutz.<\/p>\n<p align=\"justify\"><b>Musikalische Fr\u00fcherziehung (MF)<\/b><\/p>\n<p align=\"justify\">W\u00e4hrend der MF, werden die Kinder spielerisch an die Musik herangef\u00fchrt. Musiziert wird auf kindgerechten Instrumenten (Stabspiele, selbstgebaute Instrumente, kleines Schlagwerk etc.). Das Einzel- und Gruppenspiel wird genauso gef\u00f6rdert, wie das Umsetzen der Musik in Bilder und Bewegung. Vorhandene Interessen und Neigungen im musikalischen Bereich sollen geweckt und erkannt werden. Teilnehmen k\u00f6nnen alle Kinder ab dem 4. Lebensjahr.<\/p>\n<p align=\"justify\"><b>Grundausbildung<\/b><\/p>\n<p align=\"justify\">F\u00fcr Kinder ab dem 6. Lebensjahr, bieten wir die musikalische Grundausbildung an. Ziel der Ausbildung ist es, den Kindern die ersten Notenkenntnisse zu vermitteln sowie das Erlernen des ersten Musikinstrumentes (z.B. Blockfl\u00f6te). Bei entsprechender Sch\u00fclerzahl kann ein Blockfl\u00f6tenorchester gebildet werden.<\/p>\n<p align=\"justify\"><b>Unterrichtsmittel<\/b><\/p>\n<p align=\"justify\">W\u00e4hrend der MF werden alle erforderlichen Unterrichtsmittel durch den MV bereitgestellt. In der GB sind anzuschaffende Instrumente, Notenmaterial, Notenst\u00e4nder etc. durch den jeweiligen Sch\u00fcler zu tragen.<\/p>\n<p align=\"justify\"><b>Instrumentalausbildung (IA)<\/b><\/p>\n<p align=\"justify\">Der MV bietet Kindern und Jugendlichen ab dem 8. Lebensjahr die M\u00f6glichkeit, ein Instrument zu erlernen mit dem Ziel, sp\u00e4ter im Orchester des Vereins zu musizieren. Als Ausbilder stehen Fachkr\u00e4fte zur Verf\u00fcgung, die \u00fcber die erforderlichen Kenntnisse und Voraussetzungen zur Musikausbildung verf\u00fcgen.<\/p>\n<p align=\"justify\">Die Auswahl des Instrumentes erfolgt nach Eignung des Sch\u00fclers und nach den Erfordernissen im Verein. Um den Sch\u00fcler die Auswahl eines Instrumentes zu erleichtern und die Eignung eines Sch\u00fclers f\u00fcr ein Instrument besser beurteilen zu k\u00f6nnen, beginnt die Ausbildung mit dem Workshop. Hier hei\u00dft es: &#8222;Instrumente ausprobieren und kennen lernen&#8220;.<br \/>\nIm Anschluss daran, beginnt die eigentliche Ausbildung an dem ausgew\u00e4hlten Instrument in Theorie und Praxis. Der Unterricht erfolgt einmal w\u00f6chentlich als Einzelunterricht oder in max. Zweiergruppen. Die L\u00e4nge einer Unterrichtsstunde betr\u00e4gt in der Regel 45 Minuten. Die Zeiteinteilung erfolgt durch den jeweiligen Ausbilder.<br \/>\n<b>W\u00e4hrend den Schulferien wird grunds\u00e4tzlich kein Unterricht erteilt!<\/b><\/p>\n<p align=\"justify\">Um eine sp\u00e4tere problemlose Eingliederung in die Orchester des MV zu gew\u00e4hrleisten, soll der Sch\u00fcler seine theoretischen und praktischen Kenntnisse durch die Absolvierung der ersten beiden Pr\u00fcfungen des Deutschen Volksmusikerbundes (D1 u. D 2) nachweisen.<\/p>\n<p align=\"justify\"><b>Mitgliedschaft<\/b><\/p>\n<p align=\"justify\">Die Sch\u00fcler werden aktives Mitglied im MV. W\u00e4hrend der Teilnahme an Veranstaltungen des MV (Unterricht, \u00f6ffentliche Auftritte) besteht Versicherungsschutz.<\/p>\n<p align=\"justify\">Weitere Informationen erhalten Sie bei den Vorstandsmitgliedern!<\/p>\n","protected":false},"excerpt":{"rendered":"<p>Allgemeines Erwachsene, Kinder und Jugendliche, werden durch die Aufnahme einer musikalischen Ausbildung Mitglied im MV. W\u00e4hrend der Teilnahme an Veranstaltungen des MV (Proben, \u00f6ffentliche Auftritte) besteht Versicherungsschutz. Musikalische Fr\u00fcherziehung (MF) W\u00e4hrend der MF, werden die Kinder spielerisch an die Musik [&hellip;]<\/p>\n","protected":false},"author":1,"featured_media":0,"parent":35,"menu_order":0,"comment_status":"closed","ping_status":"closed","template":"","meta":{"ngg_post_thumbnail":0},"_links":{"self":[{"href":"https:\/\/rheinklaenge-gey.de\/index-new.php\/index.php?rest_route=\/wp\/v2\/pages\/101"}],"collection":[{"href":"https:\/\/rheinklaenge-gey.de\/index-new.php\/index.php?rest_route=\/wp\/v2\/pages"}],"about":[{"href":"https:\/\/rheinklaenge-gey.de\/index-new.php\/index.php?rest_route=\/wp\/v2\/types\/page"}],"author":[{"embeddable":true,"href":"https:\/\/rheinklaenge-gey.de\/index-new.php\/index.php?rest_route=\/wp\/v2\/users\/1"}],"replies":[{"embeddable":true,"href":"https:\/\/rheinklaenge-gey.de\/index-new.php\/index.php?rest_route=%2Fwp%2Fv2%2Fcomments&post=101"}],"version-history":[{"count":4,"href":"https:\/\/rheinklaenge-gey.de\/index-new.php\/index.php?rest_route=\/wp\/v2\/pages\/101\/revisions"}],"predecessor-version":[{"id":401,"href":"https:\/\/rheinklaenge-gey.de\/index-new.php\/index.php?rest_route=\/wp\/v2\/pages\/101\/revisions\/401"}],"up":[{"embeddable":true,"href":"https:\/\/rheinklaenge-gey.de\/index-new.php\/index.php?rest_route=\/wp\/v2\/pages\/35"}],"wp:attachment":[{"href":"https:\/\/rheinklaenge-gey.de\/index-new.php\/index.php?rest_route=%2Fwp%2Fv2%2Fmedia&parent=101"}],"curies":[{"name":"wp","href":"https:\/\/api.w.org\/{rel}","templated":true}]}}