{"id":69,"date":"2021-01-08T00:24:40","date_gmt":"2021-01-08T00:24:40","guid":{"rendered":"https:\/\/rheinklaenge-gey.de\/index-new.php\/?page_id=69"},"modified":"2024-01-02T18:06:56","modified_gmt":"2024-01-02T17:06:56","slug":"jugend","status":"publish","type":"page","link":"https:\/\/rheinklaenge-gey.de\/index-new.php\/?page_id=69","title":{"rendered":"Jugendorchester"},"content":{"rendered":"<p>Unser Jugendorchester besteht zurzeit aus 7 Jugendlichen, die sich in der Instrumentalausbildung befinden. Der musikalische Leiter ist Thomas Irnich. Er k\u00fcmmert sich um die Organisation und die Durchf\u00fchrung der Proben f\u00fcr die Aufritte, bei denen zumeist seine selbst-interpretierten Lieder pr\u00e4sentiert werden. Wenn wir dein Interesse zum Musizieren in einer Gruppe wecken konnten w\u00fcrden wir, aber vor Allem Thomas sich sehr freuen dich in unserm Verein begr\u00fc\u00dfen zu d\u00fcrfen.&nbsp;<\/p>\n<p><img decoding=\"async\" loading=\"lazy\" class=\" wp-image-1457 aligncenter\" src=\"https:\/\/rheinklaenge-gey.de\/wp-content\/uploads\/2024\/01\/Dez-23-088_DxO-300x157.jpg\" alt=\"\" width=\"491\" height=\"257\" srcset=\"https:\/\/rheinklaenge-gey.de\/wp-content\/uploads\/2024\/01\/Dez-23-088_DxO-300x157.jpg 300w, https:\/\/rheinklaenge-gey.de\/wp-content\/uploads\/2024\/01\/Dez-23-088_DxO-1024x537.jpg 1024w, https:\/\/rheinklaenge-gey.de\/wp-content\/uploads\/2024\/01\/Dez-23-088_DxO-768x402.jpg 768w, https:\/\/rheinklaenge-gey.de\/wp-content\/uploads\/2024\/01\/Dez-23-088_DxO-1536x805.jpg 1536w, https:\/\/rheinklaenge-gey.de\/wp-content\/uploads\/2024\/01\/Dez-23-088_DxO-2048x1073.jpg 2048w, https:\/\/rheinklaenge-gey.de\/wp-content\/uploads\/2024\/01\/Dez-23-088_DxO-700x367.jpg 700w, https:\/\/rheinklaenge-gey.de\/wp-content\/uploads\/2024\/01\/Dez-23-088_DxO-520x272.jpg 520w, https:\/\/rheinklaenge-gey.de\/wp-content\/uploads\/2024\/01\/Dez-23-088_DxO-360x189.jpg 360w, https:\/\/rheinklaenge-gey.de\/wp-content\/uploads\/2024\/01\/Dez-23-088_DxO-250x131.jpg 250w, https:\/\/rheinklaenge-gey.de\/wp-content\/uploads\/2024\/01\/Dez-23-088_DxO-100x52.jpg 100w\" sizes=\"(max-width: 491px) 100vw, 491px\" \/><\/p>\n<p style=\"text-align: center;\"><span style=\"font-size: 14px;\">Unser Jugendorchester auf dem Adventskonzert am 17.12.2023<\/span><\/p>\n","protected":false},"excerpt":{"rendered":"<p>Unser Jugendorchester besteht zurzeit aus 7 Jugendlichen, die sich in der Instrumentalausbildung befinden. Der musikalische Leiter ist Thomas Irnich. Er k\u00fcmmert sich um die Organisation und die Durchf\u00fchrung der Proben f\u00fcr die Aufritte, bei denen zumeist seine selbst-interpretierten Lieder pr\u00e4sentiert [&hellip;]<\/p>\n","protected":false},"author":1,"featured_media":0,"parent":0,"menu_order":0,"comment_status":"closed","ping_status":"closed","template":"","meta":{"ngg_post_thumbnail":0},"_links":{"self":[{"href":"https:\/\/rheinklaenge-gey.de\/index-new.php\/index.php?rest_route=\/wp\/v2\/pages\/69"}],"collection":[{"href":"https:\/\/rheinklaenge-gey.de\/index-new.php\/index.php?rest_route=\/wp\/v2\/pages"}],"about":[{"href":"https:\/\/rheinklaenge-gey.de\/index-new.php\/index.php?rest_route=\/wp\/v2\/types\/page"}],"author":[{"embeddable":true,"href":"https:\/\/rheinklaenge-gey.de\/index-new.php\/index.php?rest_route=\/wp\/v2\/users\/1"}],"replies":[{"embeddable":true,"href":"https:\/\/rheinklaenge-gey.de\/index-new.php\/index.php?rest_route=%2Fwp%2Fv2%2Fcomments&post=69"}],"version-history":[{"count":8,"href":"https:\/\/rheinklaenge-gey.de\/index-new.php\/index.php?rest_route=\/wp\/v2\/pages\/69\/revisions"}],"predecessor-version":[{"id":1458,"href":"https:\/\/rheinklaenge-gey.de\/index-new.php\/index.php?rest_route=\/wp\/v2\/pages\/69\/revisions\/1458"}],"wp:attachment":[{"href":"https:\/\/rheinklaenge-gey.de\/index-new.php\/index.php?rest_route=%2Fwp%2Fv2%2Fmedia&parent=69"}],"curies":[{"name":"wp","href":"https:\/\/api.w.org\/{rel}","templated":true}]}}

<p>Unser Jugendorchester besteht zurzeit aus 7 Jugendlichen, die sich in der Instrumentalausbildung befinden. Der musikalische Leiter ist Thomas Irnich. Er kümmert sich um die Organisation und die Durchführung der Proben für die Aufritte, bei denen zumeist seine selbst-interpretierten Lieder präsentiert werden. Wenn wir dein Interesse zum Musizieren in einer Gruppe wecken konnten würden wir, aber vor Allem Thomas sich sehr freuen dich in unserm Verein begrüßen zu dürfen.&nbsp;</p>
<p><img decoding="async" loading="lazy" class=" wp-image-1457 aligncenter" src="https://rheinklaenge-gey.de/wp-content/uploads/2024/01/Dez-23-088_DxO-300x157.jpg" alt="" width="491" height="257" srcset="https://rheinklaenge-gey.de/wp-content/uploads/2024/01/Dez-23-088_DxO-300x157.jpg 300w, https://rheinklaenge-gey.de/wp-content/uploads/2024/01/Dez-23-088_DxO-1024x537.jpg 1024w, https://rheinklaenge-gey.de/wp-content/uploads/2024/01/Dez-23-088_DxO-768x402.jpg 768w, https://rheinklaenge-gey.de/wp-content/uploads/2024/01/Dez-23-088_DxO-1536x805.jpg 1536w, https://rheinklaenge-gey.de/wp-content/uploads/2024/01/Dez-23-088_DxO-2048x1073.jpg 2048w, https://rheinklaenge-gey.de/wp-content/uploads/2024/01/Dez-23-088_DxO-700x367.jpg 700w, https://rheinklaenge-gey.de/wp-content/uploads/2024/01/Dez-23-088_DxO-520x272.jpg 520w, https://rheinklaenge-gey.de/wp-content/uploads/2024/01/Dez-23-088_DxO-360x189.jpg 360w, https://rheinklaenge-gey.de/wp-content/uploads/2024/01/Dez-23-088_DxO-250x131.jpg 250w, https://rheinklaenge-gey.de/wp-content/uploads/2024/01/Dez-23-088_DxO-100x52.jpg 100w" sizes="(max-width: 491px) 100vw, 491px" /></p>
<p style="text-align: center;"><span style="font-size: 14px;">Unser Jugendorchester auf dem Adventskonzert am 17.12.2023</span></p>

<p>Unser Jugendorchester besteht zurzeit aus 7 Jugendlichen, die sich in der Instrumentalausbildung befinden. Der musikalische Leiter ist Thomas Irnich. Er kümmert sich um die Organisation und die Durchführung der Proben für die Aufritte, bei denen zumeist seine selbst-interpretierten Lieder präsentiert [&hellip;]</p>
